{"id":248,"date":"2022-12-15T22:23:37","date_gmt":"2022-12-16T01:23:37","guid":{"rendered":"https:\/\/wcwebsystem.com.br\/?page_id=248"},"modified":"2023-07-17T19:53:56","modified_gmt":"2023-07-17T22:53:56","slug":"sobre-joao-costa","status":"publish","type":"page","link":"https:\/\/blogdojoaocosta.com.br\/?page_id=248","title":{"rendered":"Sobre Jo\u00e3o Costa"},"content":{"rendered":"<h1 style=\"text-align: center;\"><strong>Ol\u00e1 Prazer em te conhecer meu nome \u00e9 Jo\u00e3o Costa<\/strong><\/h1>\n<p>Jo\u00e3o Costa \u00e9 servidor aposentado pela Universidade Federal da Para\u00edba, onde trabalhou no N\u00facleo de Teatro Universit\u00e1rio, na \u00e1rea de extens\u00e3o da Pr\u00f3-Reitoria para Assuntos Comunit\u00e1rio e Assessoria de Imprensa. \u00c9 diretor de teatro e editor do blogdojoaocosta.com.br.<\/p>\n<p>Entre 1984 a 2000 exerceu a fun\u00e7\u00e3o de editor de Cidades, Policial e Internacional; simultaneamente chefe de Reportagem do Jornal Correio da Para\u00edba. Entre 1988 at\u00e9 o ano 2000 atuou como debatedor do programa Correio Debate (Correio FM), per\u00edodo apresentado pelo jornalista Luiz Ot\u00e1vio. Voltou para esse mesmo programa 17 anos depois, atuando como debater do Correio Debate (2017-2020), deixando Sistema Correio de Comunica\u00e7\u00e3o em 2020, in\u00edcio da pandemia Covid-19.<\/p>\n<p>Entre os anos 2001 a 2006 atuou como rep\u00f3rter de Pol\u00edtica no site WScom, de onde saiu para atuar no site paraiba.com.br. Entre 2010 e 2017 Trabalhou no Sistema Arapuan de Comunica\u00e7\u00e3o, como debatedor do programa R\u00e1dio Verdade da R\u00e1dio Arapuan.<\/p>\n<p>Jo\u00e3o Costa integra a banca de entrevistadores de o Norte Debate, do Sistema O Norte de Comunica\u00e7\u00e3o e tamb\u00e9m integra o programa meiaduziadetresouquatropb (facebook e You Tube).<\/p>\n<p>Como teatr\u00f3logo segue com projetos de encena\u00e7\u00e3o pela ArtMidia.<\/p>\n<p style=\"text-align: left;\">Jamais foi filiado a partido pol\u00edtico.<\/p>\n<p><img decoding=\"async\" class=\"alignnone wp-image-1267\" src=\"https:\/\/blogdojoaocosta.com.br\/wp-content\/uploads\/2023\/07\/cropped-banner-blog-2-2-300x113.png\" alt=\"\" width=\"1600\" height=\"600\" srcset=\"https:\/\/blogdojoaocosta.com.br\/wp-content\/uploads\/2023\/07\/cropped-banner-blog-2-2-300x113.png 300w, https:\/\/blogdojoaocosta.com.br\/wp-content\/uploads\/2023\/07\/cropped-banner-blog-2-2-1024x384.png 1024w, https:\/\/blogdojoaocosta.com.br\/wp-content\/uploads\/2023\/07\/cropped-banner-blog-2-2-768x288.png 768w, https:\/\/blogdojoaocosta.com.br\/wp-content\/uploads\/2023\/07\/cropped-banner-blog-2-2-1536x576.png 1536w, https:\/\/blogdojoaocosta.com.br\/wp-content\/uploads\/2023\/07\/cropped-banner-blog-2-2.png 1600w\" sizes=\"(max-width: 1600px) 100vw, 1600px\" \/><\/p>\n<p>&nbsp;<\/p>\n","protected":false},"excerpt":{"rendered":"<p>Ol\u00e1 Prazer em te conhecer meu nome \u00e9 Jo\u00e3o Costa Jo\u00e3o Costa \u00e9 servidor aposentado pela Universidade Federal da Para\u00edba, onde trabalhou no N\u00facleo de Teatro Universit\u00e1rio, na \u00e1rea de extens\u00e3o da Pr\u00f3-Reitoria para Assuntos Comunit\u00e1rio e Assessoria de Imprensa. \u00c9 diretor de teatro e editor do blogdojoaocosta.com.br. Entre 1984 a 2000 exerceu a fun\u00e7\u00e3o [&hellip;]<\/p>\n","protected":false},"author":1,"featured_media":0,"parent":0,"menu_order":0,"comment_status":"closed","ping_status":"closed","template":"","meta":{"footnotes":""},"class_list":["post-248","page","type-page","status-publish","hentry"],"yoast_head":"<!-- This site is optimized with the Yoast SEO plugin v27.5 - https:\/\/yoast.com\/product\/yoast-seo-wordpress\/ -->\n<title>Sobre Jo\u00e3o Costa - Blog do Jo\u00e3o Costa<\/title>\n<meta name=\"robots\" content=\"index, follow, max-snippet:-1, max-image-preview:large, max-video-preview:-1\" \/>\n<link rel=\"canonical\" href=\"https:\/\/blogdojoaocosta.com.br\/?page_id=248\" \/>\n<meta property=\"og:locale\" content=\"pt_BR\" \/>\n<meta property=\"og:type\" content=\"article\" \/>\n<meta property=\"og:title\" content=\"Sobre Jo\u00e3o Costa - Blog do Jo\u00e3o Costa\" \/>\n<meta property=\"og:description\" content=\"Ol\u00e1 Prazer em te conhecer meu nome \u00e9 Jo\u00e3o Costa Jo\u00e3o Costa \u00e9 servidor aposentado pela Universidade Federal da Para\u00edba, onde trabalhou no N\u00facleo de Teatro Universit\u00e1rio, na \u00e1rea de extens\u00e3o da Pr\u00f3-Reitoria para Assuntos Comunit\u00e1rio e Assessoria de Imprensa. \u00c9 diretor de teatro e editor do blogdojoaocosta.com.br. Entre 1984 a 2000 exerceu a fun\u00e7\u00e3o [&hellip;]\" \/>\n<meta property=\"og:url\" content=\"https:\/\/blogdojoaocosta.com.br\/?page_id=248\" \/>\n<meta property=\"og:site_name\" content=\"Blog do Jo\u00e3o Costa\" \/>\n<meta property=\"article:modified_time\" content=\"2023-07-17T22:53:56+00:00\" \/>\n<meta property=\"og:image\" content=\"https:\/\/blogdojoaocosta.com.br\/wp-content\/uploads\/2023\/07\/cropped-banner-blog-2-2-300x113.png\" \/>\n<meta name=\"twitter:card\" content=\"summary_large_image\" \/>\n<meta name=\"twitter:label1\" content=\"Est. tempo de leitura\" \/>\n\t<meta name=\"twitter:data1\" content=\"2 minutos\" \/>\n<script type=\"application\/ld+json\" class=\"yoast-schema-graph\">{\"@context\":\"https:\\\/\\\/schema.org\",\"@graph\":[{\"@type\":\"WebPage\",\"@id\":\"https:\\\/\\\/blogdojoaocosta.com.br\\\/?page_id=248\",\"url\":\"https:\\\/\\\/blogdojoaocosta.com.br\\\/?page_id=248\",\"name\":\"Sobre Jo\u00e3o Costa - Blog do Jo\u00e3o Costa\",\"isPartOf\":{\"@id\":\"https:\\\/\\\/blogdojoaocosta.com.br\\\/#website\"},\"primaryImageOfPage\":{\"@id\":\"https:\\\/\\\/blogdojoaocosta.com.br\\\/?page_id=248#primaryimage\"},\"image\":{\"@id\":\"https:\\\/\\\/blogdojoaocosta.com.br\\\/?page_id=248#primaryimage\"},\"thumbnailUrl\":\"https:\\\/\\\/blogdojoaocosta.com.br\\\/wp-content\\\/uploads\\\/2023\\\/07\\\/cropped-banner-blog-2-2-300x113.png\",\"datePublished\":\"2022-12-16T01:23:37+00:00\",\"dateModified\":\"2023-07-17T22:53:56+00:00\",\"breadcrumb\":{\"@id\":\"https:\\\/\\\/blogdojoaocosta.com.br\\\/?page_id=248#breadcrumb\"},\"inLanguage\":\"pt-BR\",\"potentialAction\":[{\"@type\":\"ReadAction\",\"target\":[\"https:\\\/\\\/blogdojoaocosta.com.br\\\/?page_id=248\"]}]},{\"@type\":\"ImageObject\",\"inLanguage\":\"pt-BR\",\"@id\":\"https:\\\/\\\/blogdojoaocosta.com.br\\\/?page_id=248#primaryimage\",\"url\":\"https:\\\/\\\/blogdojoaocosta.com.br\\\/wp-content\\\/uploads\\\/2023\\\/07\\\/cropped-banner-blog-2-2.png\",\"contentUrl\":\"https:\\\/\\\/blogdojoaocosta.com.br\\\/wp-content\\\/uploads\\\/2023\\\/07\\\/cropped-banner-blog-2-2.png\",\"width\":1600,\"height\":600},{\"@type\":\"BreadcrumbList\",\"@id\":\"https:\\\/\\\/blogdojoaocosta.com.br\\\/?page_id=248#breadcrumb\",\"itemListElement\":[{\"@type\":\"ListItem\",\"position\":1,\"name\":\"In\u00edcio\",\"item\":\"https:\\\/\\\/blogdojoaocosta.com.br\\\/\"},{\"@type\":\"ListItem\",\"position\":2,\"name\":\"Sobre Jo\u00e3o Costa\"}]},{\"@type\":\"WebSite\",\"@id\":\"https:\\\/\\\/blogdojoaocosta.com.br\\\/#website\",\"url\":\"https:\\\/\\\/blogdojoaocosta.com.br\\\/\",\"name\":\"Blog do Jo\u00e3o Costa\",\"description\":\"Assim Caminha a Humanidade\",\"potentialAction\":[{\"@type\":\"SearchAction\",\"target\":{\"@type\":\"EntryPoint\",\"urlTemplate\":\"https:\\\/\\\/blogdojoaocosta.com.br\\\/?s={search_term_string}\"},\"query-input\":{\"@type\":\"PropertyValueSpecification\",\"valueRequired\":true,\"valueName\":\"search_term_string\"}}],\"inLanguage\":\"pt-BR\"}]}<\/script>\n<!-- \/ Yoast SEO plugin. -->","yoast_head_json":{"title":"Sobre Jo\u00e3o Costa - Blog do Jo\u00e3o Costa","robots":{"index":"index","follow":"follow","max-snippet":"max-snippet:-1","max-image-preview":"max-image-preview:large","max-video-preview":"max-video-preview:-1"},"canonical":"https:\/\/blogdojoaocosta.com.br\/?page_id=248","og_locale":"pt_BR","og_type":"article","og_title":"Sobre Jo\u00e3o Costa - Blog do Jo\u00e3o Costa","og_description":"Ol\u00e1 Prazer em te conhecer meu nome \u00e9 Jo\u00e3o Costa Jo\u00e3o Costa \u00e9 servidor aposentado pela Universidade Federal da Para\u00edba, onde trabalhou no N\u00facleo de Teatro Universit\u00e1rio, na \u00e1rea de extens\u00e3o da Pr\u00f3-Reitoria para Assuntos Comunit\u00e1rio e Assessoria de Imprensa. \u00c9 diretor de teatro e editor do blogdojoaocosta.com.br. Entre 1984 a 2000 exerceu a fun\u00e7\u00e3o [&hellip;]","og_url":"https:\/\/blogdojoaocosta.com.br\/?page_id=248","og_site_name":"Blog do Jo\u00e3o Costa","article_modified_time":"2023-07-17T22:53:56+00:00","og_image":[{"url":"https:\/\/blogdojoaocosta.com.br\/wp-content\/uploads\/2023\/07\/cropped-banner-blog-2-2-300x113.png","type":"","width":"","height":""}],"twitter_card":"summary_large_image","twitter_misc":{"Est. tempo de leitura":"2 minutos"},"schema":{"@context":"https:\/\/schema.org","@graph":[{"@type":"WebPage","@id":"https:\/\/blogdojoaocosta.com.br\/?page_id=248","url":"https:\/\/blogdojoaocosta.com.br\/?page_id=248","name":"Sobre Jo\u00e3o Costa - Blog do Jo\u00e3o Costa","isPartOf":{"@id":"https:\/\/blogdojoaocosta.com.br\/#website"},"primaryImageOfPage":{"@id":"https:\/\/blogdojoaocosta.com.br\/?page_id=248#primaryimage"},"image":{"@id":"https:\/\/blogdojoaocosta.com.br\/?page_id=248#primaryimage"},"thumbnailUrl":"https:\/\/blogdojoaocosta.com.br\/wp-content\/uploads\/2023\/07\/cropped-banner-blog-2-2-300x113.png","datePublished":"2022-12-16T01:23:37+00:00","dateModified":"2023-07-17T22:53:56+00:00","breadcrumb":{"@id":"https:\/\/blogdojoaocosta.com.br\/?page_id=248#breadcrumb"},"inLanguage":"pt-BR","potentialAction":[{"@type":"ReadAction","target":["https:\/\/blogdojoaocosta.com.br\/?page_id=248"]}]},{"@type":"ImageObject","inLanguage":"pt-BR","@id":"https:\/\/blogdojoaocosta.com.br\/?page_id=248#primaryimage","url":"https:\/\/blogdojoaocosta.com.br\/wp-content\/uploads\/2023\/07\/cropped-banner-blog-2-2.png","contentUrl":"https:\/\/blogdojoaocosta.com.br\/wp-content\/uploads\/2023\/07\/cropped-banner-blog-2-2.png","width":1600,"height":600},{"@type":"BreadcrumbList","@id":"https:\/\/blogdojoaocosta.com.br\/?page_id=248#breadcrumb","itemListElement":[{"@type":"ListItem","position":1,"name":"In\u00edcio","item":"https:\/\/blogdojoaocosta.com.br\/"},{"@type":"ListItem","position":2,"name":"Sobre Jo\u00e3o Costa"}]},{"@type":"WebSite","@id":"https:\/\/blogdojoaocosta.com.br\/#website","url":"https:\/\/blogdojoaocosta.com.br\/","name":"Blog do Jo\u00e3o Costa","description":"Assim Caminha a Humanidade","potentialAction":[{"@type":"SearchAction","target":{"@type":"EntryPoint","urlTemplate":"https:\/\/blogdojoaocosta.com.br\/?s={search_term_string}"},"query-input":{"@type":"PropertyValueSpecification","valueRequired":true,"valueName":"search_term_string"}}],"inLanguage":"pt-BR"}]}},"_links":{"self":[{"href":"https:\/\/blogdojoaocosta.com.br\/index.php?rest_route=\/wp\/v2\/pages\/248","targetHints":{"allow":["GET"]}}],"collection":[{"href":"https:\/\/blogdojoaocosta.com.br\/index.php?rest_route=\/wp\/v2\/pages"}],"about":[{"href":"https:\/\/blogdojoaocosta.com.br\/index.php?rest_route=\/wp\/v2\/types\/page"}],"author":[{"embeddable":true,"href":"https:\/\/blogdojoaocosta.com.br\/index.php?rest_route=\/wp\/v2\/users\/1"}],"replies":[{"embeddable":true,"href":"https:\/\/blogdojoaocosta.com.br\/index.php?rest_route=%2Fwp%2Fv2%2Fcomments&post=248"}],"version-history":[{"count":11,"href":"https:\/\/blogdojoaocosta.com.br\/index.php?rest_route=\/wp\/v2\/pages\/248\/revisions"}],"predecessor-version":[{"id":1308,"href":"https:\/\/blogdojoaocosta.com.br\/index.php?rest_route=\/wp\/v2\/pages\/248\/revisions\/1308"}],"wp:attachment":[{"href":"https:\/\/blogdojoaocosta.com.br\/index.php?rest_route=%2Fwp%2Fv2%2Fmedia&parent=248"}],"curies":[{"name":"wp","href":"https:\/\/api.w.org\/{rel}","templated":true}]}}

Sobre João Costa

<h1 style="text-align: center;"><strong>Olá Prazer em te conhecer meu nome é João Costa</strong></h1>
<p>João Costa é servidor aposentado pela Universidade Federal da Paraíba, onde trabalhou no Núcleo de Teatro Universitário, na área de extensão da Pró-Reitoria para Assuntos Comunitário e Assessoria de Imprensa. É diretor de teatro e editor do blogdojoaocosta.com.br.</p>
<p>Entre 1984 a 2000 exerceu a função de editor de Cidades, Policial e Internacional; simultaneamente chefe de Reportagem do Jornal Correio da Paraíba. Entre 1988 até o ano 2000 atuou como debatedor do programa Correio Debate (Correio FM), período apresentado pelo jornalista Luiz Otávio. Voltou para esse mesmo programa 17 anos depois, atuando como debater do Correio Debate (2017-2020), deixando Sistema Correio de Comunicação em 2020, início da pandemia Covid-19.</p>
<p>Entre os anos 2001 a 2006 atuou como repórter de Política no site WScom, de onde saiu para atuar no site paraiba.com.br. Entre 2010 e 2017 Trabalhou no Sistema Arapuan de Comunicação, como debatedor do programa Rádio Verdade da Rádio Arapuan.</p>
<p>João Costa integra a banca de entrevistadores de o Norte Debate, do Sistema O Norte de Comunicação e também integra o programa meiaduziadetresouquatropb (facebook e You Tube).</p>
<p>Como teatrólogo segue com projetos de encenação pela ArtMidia.</p>
<p style="text-align: left;">Jamais foi filiado a partido político.</p>
<p><img decoding="async" class="alignnone wp-image-1267" src="https://blogdojoaocosta.com.br/wp-content/uploads/2023/07/cropped-banner-blog-2-2-300x113.png" alt="" width="1600" height="600" srcset="https://blogdojoaocosta.com.br/wp-content/uploads/2023/07/cropped-banner-blog-2-2-300x113.png 300w, https://blogdojoaocosta.com.br/wp-content/uploads/2023/07/cropped-banner-blog-2-2-1024x384.png 1024w, https://blogdojoaocosta.com.br/wp-content/uploads/2023/07/cropped-banner-blog-2-2-768x288.png 768w, https://blogdojoaocosta.com.br/wp-content/uploads/2023/07/cropped-banner-blog-2-2-1536x576.png 1536w, https://blogdojoaocosta.com.br/wp-content/uploads/2023/07/cropped-banner-blog-2-2.png 1600w" sizes="(max-width: 1600px) 100vw, 1600px" /></p>
<p>&nbsp;</p>

<p>Olá Prazer em te conhecer meu nome é João Costa João Costa é servidor aposentado pela Universidade Federal da Paraíba, onde trabalhou no Núcleo de Teatro Universitário, na área de extensão da Pró-Reitoria para Assuntos Comunitário e Assessoria de Imprensa. É diretor de teatro e editor do blogdojoaocosta.com.br. Entre 1984 a 2000 exerceu a função [&hellip;]</p>

<!-- This site is optimized with the Yoast SEO plugin v27.5 - https://yoast.com/product/yoast-seo-wordpress/ -->
<title>Sobre João Costa - Blog do João Costa</title>
<meta name="robots" content="index, follow, max-snippet:-1, max-image-preview:large, max-video-preview:-1" />
<link rel="canonical" href="https://blogdojoaocosta.com.br/?page_id=248" />
<meta property="og:locale" content="pt_BR" />
<meta property="og:type" content="article" />
<meta property="og:title" content="Sobre João Costa - Blog do João Costa" />
<meta property="og:description" content="Olá Prazer em te conhecer meu nome é João Costa João Costa é servidor aposentado pela Universidade Federal da Paraíba, onde trabalhou no Núcleo de Teatro Universitário, na área de extensão da Pró-Reitoria para Assuntos Comunitário e Assessoria de Imprensa. É diretor de teatro e editor do blogdojoaocosta.com.br. Entre 1984 a 2000 exerceu a função [&hellip;]" />
<meta property="og:url" content="https://blogdojoaocosta.com.br/?page_id=248" />
<meta property="og:site_name" content="Blog do João Costa" />
<meta property="article:modified_time" content="2023-07-17T22:53:56+00:00" />
<meta property="og:image" content="https://blogdojoaocosta.com.br/wp-content/uploads/2023/07/cropped-banner-blog-2-2-300x113.png" />
<meta name="twitter:card" content="summary_large_image" />
<meta name="twitter:label1" content="Est. tempo de leitura" />
	<meta name="twitter:data1" content="2 minutos" />
<script type="application/ld+json" class="yoast-schema-graph">{"@context":"https:\/\/schema.org","@graph":[{"@type":"WebPage","@id":"https:\/\/blogdojoaocosta.com.br\/?page_id=248","url":"https:\/\/blogdojoaocosta.com.br\/?page_id=248","name":"Sobre João Costa - Blog do João Costa","isPartOf":{"@id":"https:\/\/blogdojoaocosta.com.br\/#website"},"primaryImageOfPage":{"@id":"https:\/\/blogdojoaocosta.com.br\/?page_id=248#primaryimage"},"image":{"@id":"https:\/\/blogdojoaocosta.com.br\/?page_id=248#primaryimage"},"thumbnailUrl":"https:\/\/blogdojoaocosta.com.br\/wp-content\/uploads\/2023\/07\/cropped-banner-blog-2-2-300x113.png","datePublished":"2022-12-16T01:23:37+00:00","dateModified":"2023-07-17T22:53:56+00:00","breadcrumb":{"@id":"https:\/\/blogdojoaocosta.com.br\/?page_id=248#breadcrumb"},"inLanguage":"pt-BR","potentialAction":[{"@type":"ReadAction","target":["https:\/\/blogdojoaocosta.com.br\/?page_id=248"]}]},{"@type":"ImageObject","inLanguage":"pt-BR","@id":"https:\/\/blogdojoaocosta.com.br\/?page_id=248#primaryimage","url":"https:\/\/blogdojoaocosta.com.br\/wp-content\/uploads\/2023\/07\/cropped-banner-blog-2-2.png","contentUrl":"https:\/\/blogdojoaocosta.com.br\/wp-content\/uploads\/2023\/07\/cropped-banner-blog-2-2.png","width":1600,"height":600},{"@type":"BreadcrumbList","@id":"https:\/\/blogdojoaocosta.com.br\/?page_id=248#breadcrumb","itemListElement":[{"@type":"ListItem","position":1,"name":"Início","item":"https:\/\/blogdojoaocosta.com.br\/"},{"@type":"ListItem","position":2,"name":"Sobre João Costa"}]},{"@type":"WebSite","@id":"https:\/\/blogdojoaocosta.com.br\/#website","url":"https:\/\/blogdojoaocosta.com.br\/","name":"Blog do João Costa","description":"Assim Caminha a Humanidade","potentialAction":[{"@type":"SearchAction","target":{"@type":"EntryPoint","urlTemplate":"https:\/\/blogdojoaocosta.com.br\/?s={search_term_string}"},"query-input":{"@type":"PropertyValueSpecification","valueRequired":true,"valueName":"search_term_string"}}],"inLanguage":"pt-BR"}]}</script>
<!-- / Yoast SEO plugin. -->

Sobre João Costa - Blog do João Costa

Olá Prazer em te conhecer meu nome é João Costa João Costa é servidor aposentado pela Universidade Federal da Paraíba, onde trabalhou no Núcleo de Teatro Universitário, na área de extensão da Pró-Reitoria para Assuntos Comunitário e Assessoria de Imprensa. É diretor de teatro e editor do blogdojoaocosta.com.br. Entre 1984 a 2000 exerceu a função [&hellip;]

Blog do João Costa

Início
